0*c - 64, 32 = 2*t - c. Let d = t - o. What is the units digit of d?
8
Let c = 12 - 7. Suppose c*n - 214 = -19. What is the units digit of n?
9
Let a(u) = 5*u**2 - 2*u + 1. Let k be a(1). Let l = 5 - k. What is the units digit of l?
1
Let j = 8 + -6. What is the units digit of j?
2
Let j = -75 + 108. What is the units digit of j?
3
Suppose h + 0*h = q + 216, 0 = -2*h - 3*q + 412. What is the units digit of h?
2
Suppose -4*l + 5*z + 46 = 0, 5*l - 5*z - 55 = -0*z. What is the units digit of l?
9
What is the units digit of (-173)/(-5) + (-6)/(-15)?
5
Suppose -7 = -4*y + 3*x, 5*x - 2*x = -2*y - 1. Suppose -u - 4 + y = 0. What is the units digit of (-1 - -2)*(-15)/u?
5
Suppose m = 5*j + 2*m - 36, -m - 36 = -4*j. Let w(n) = -n**3 - 4*n**2 - 3*n - 3. Let b be w(-3). What is the units digit of -2 + 5 + b + j?
8
Suppose 23 = 2*x - 25. Suppose 5*z - x = 4*l, 2*l + 3 = 2*z - 5. What is the units digit of z?
8
Suppose g + 8 = 2*g. Suppose -u + o = u - g, 4*u = 3*o + 20. Suppose -k = -u*k + 2. What is the units digit of k?
2
Let d(n) = n**3 - 5*n**2 + 2*n - 8. What is the tens digit of d(6)?
4
Let w(b) = -b**3 - b**2 - 2*b - 4. What is the units digit of w(-6)?
8
Let x(t) = 16*t**2 - t + 1. Let y be x(1). Let z = 8 + -4. Suppose 3*g + 2*s = z*g - y, -46 = -4*g - s. What is the units digit of g?
2
Let k = 4 + -2. Suppose 4*y = -k*j + y + 2, 0 = -5*y. What is the units digit of -2*(-2)/4*j?
1
Let v(t) = -2*t + 2*t - 5 + 2*t - 11*t + 2*t**2. What is the tens digit of v(8)?
5
Let x(n) = n**3 - 8*n**2 + n - 8. Let p be x(8). Suppose g = p, 5*g + 4 = c - 2. What is the units digit of c?
6
Suppose 9 = 2*p + p. Let o(g) = -g - 9. Let x be o(-9). Let w = p + x. What is the units digit of w?
3
What is the tens digit of ((30/(-8))/5)/((-12)/2544)?
5
Suppose 3*y = 5*s - 88, 0 = 4*s - 9*s - 5. Let q = -17 - y. What is the tens digit of q?
1
Let k(h) = h**3 + 10*h**2 + 2*h + 22. What is the units digit of k(-9)?
5
Suppose -436 = -2*u - 2*u + 4*x, -2*u + 4*x = -208. What is the hundreds digit of u?
1
Suppose -2*i + 9 = 1. What is the units digit of (-42)/i*(-2)/3?
7
Let g(w) = w**3 + 8*w**2 - 2*w - 1. What is the tens digit of g(-8)?
1
Suppose 27 = w - 18. What is the units digit of w?
5
Let d = 67 - -117. What is the tens digit of d?
8
Let p(x) = -2*x - 12. Let s be p(-8). Suppose -s*w + 1 + 39 = 0. What is the units digit of ((-36)/(-10))/(4/w)?
9
Suppose 5*w + 4*o - 98 = 0, 0 = w + 3*o - 5*o - 28. Suppose -2*d - w = -4*d. What is the tens digit of d?
1
Let q = 157 + -82. Suppose 5*d - q = -0*d. What is the units digit of d?
5
What is the tens digit of (1 - (-4 - -9)) + (-54)/(-3)?
1
Let m = -8 + 11. Let w(a) = 5*a - 2. What is the units digit of w(m)?
3
Let k be 2/8 + (-2808)/(-32). What is the units digit of 3*(0 - k/(-12))?
2
Let o(r) = 2*r**2 - 8*r + 6. What is the units digit of o(6)?
0
Suppose 2*u = 2 - 0. Let h be (u/(-1))/(1/(-2)). Let p = 3 + h. What is the units digit of p?
5
Let q(u) = 4*u**2 - 6*u - 27. What is the units digit of q(-8)?
7
Let y(j) = -11*j + 2. What is the units digit of y(-3)?
5
Suppose -2*m + 11 = 3. Suppose 59 = i - 5*z, 74 = i - m*z + 20. What is the units digit of i?
4
Let w(h) = h**2 - 6*h - 5. Let x = 4 + 3. Let f be w(x). Suppose -f*i = -2*g - 12, -6 = g + g. What is the units digit of i?
3
Suppose 5*a + w = -120, -a = 4*w - 3*w + 28. What is the units digit of a/(-3) - (-5)/15?
8
Suppose 5*p + 4 = -1. What is the units digit of (-6)/(-3) - p*11?
3
What is the hundreds digit of 358/(24/10 + (-10)/25)?
1
Let h = -7 + 7. Suppose h*c = 3*c - 6. What is the units digit of c?
2
Suppose -5*f = -2*i + 28, 2*i = -2*f + i - 4. Let p(v) = -3*v - 5. Let d be p(f). Let w = 12 - d. What is the units digit of w?
5
Let b(w) = -w**2 + 4*w - 3. Let q be b(4). What is the tens digit of q + 0 + 90/5?
1
Let g be (-37)/(-7) + 2/(-7). Suppose 104 = 4*o + 3*j + 19, -g*o + 5*j = -80. What is the units digit of o?
9
Let n(j) = -56*j + 27. What is the hundreds digit of n(-3)?
1
Suppose -z + 3*g + 21 = 0, 3*z + 4*g + 2 = -0*z. What is the units digit of z?
6
Suppose -2*q + k - 52 + 216 = 0, -314 = -4*q - 5*k. What is the tens digit of q?
8
Let x(f) = -5*f + 9. Let y(k) = -k + 2. Let r(v) = 2*x(v) - 9*y(v). Let b be r(5). Let d(n) = -n**3 - 6*n**2 - 6*n + 2. What is the units digit of d(b)?
7
Let y(w) = w + 8. Let r be y(4). Suppose -4*p + 100 = r. What is the tens digit of p?
2
Let g(p) = p**3 + 7*p**2 + 4*p + 9. Let d be g(-6). Suppose d = 5*z + 341. What is the tens digit of 6/(-2) + z/(-4)?
1
What is the tens digit of (-2504)/(-28) - (-12)/21?
9
Let y(i) = -i**3 - 3*i**2 - 2*i + 4. Let f be y(-3). What is the units digit of (-100)/15*(-36)/f?
4
Let m(b) be the second derivative of b**5/4 - b**4/6 + b**3/2 - 3*b**2/2 - 5*b. What is the tens digit of m(2)?
3
Let q = -20 - -140. What is the units digit of q?
0
Let m be -2 + (-2 - -4) + -1. Let y(u) = -3*u**3 + 2*u + 1. What is the units digit of y(m)?
2
Let l(m) be the first derivative of -2*m**2 + 3*m + 1. Let t(v) = -2*v - 29. Let j be t(-13). What is the tens digit of l(j)?
1
What is the units digit of ((-24)/(-15))/(4/10)?
4
Let p(b) be the second derivative of -b**5/20 - b**4/2 - b**3 - 2*b**2 - b. What is the units digit of p(-5)?
1
Let i(w) = w - 1. Let q be ((-6)/2)/(0 - 1). What is the units digit of i(q)?
2
Suppose -y + 5 = -2*y - v, y - v = -9. Let i(l) = -l**3 - 6*l**2 + 6*l. Let b be i(y). What is the units digit of (-1 + b)/(6/8)?
8
Suppose -145 = -3*l - r, 5*r + 26 = l - 1. What is the units digit of l?
7
Let v(u) be the first derivative of u**3/3 - u**2/2 - 7*u - 3. Let x be v(-6). Let y = -24 + x. What is the units digit of y?
1
Let r(o) = 5*o + 13. Let p be r(12). Let b = p - 38. What is the units digit of b?
5
Suppose -2*d + 124 = 2*h, -h = -4*d - 3*h + 258. What is the units digit of d?
7
Let v = 27 - -1. What is the units digit of v?
8
Let k(j) = -2*j**3 - 5*j**2 - 2*j + 4. Let i(u) = -3*u**3 - 10*u**2 - 4*u + 7. Let t(a) = -3*i(a) + 5*k(a). What is the units digit of t(5)?
9
Let b(w) = -11*w + 4. What is the units digit of b(-13)?
7
What is the tens digit of -2*16/(1 - 2)?
3
Suppose 0 = -0*k + 3*k. Suppose o + 0 - 19 = k. What is the tens digit of o?
1
Let t(i) = 5*i + 2. Let r(k) = -2*k - 3. Let u be r(-3). What is the tens digit of t(u)?
1
Suppose -3*r + 8*r = 30. Suppose l + r = 3*l. What is the units digit of l?
3
Let v(g) = -g**2 + 1. Let m(f) = 6*f**2 + 24. Let t(n) = m(n) + 5*v(n). What is the units digit of t(0)?
9
Suppose -5*h - 771 = -4*s, -s + 4*h - 744 = -5*s. What is the hundreds digit of s?
1
Suppose -3*o + 102 = r, -5*r = 3*o + 7 - 97. What is the units digit of ((-14)/o)/(1/(-65))?
6
Suppose 2*d = 5*f - 5, -5*f - 5*d = -43 + 3. Suppose -4*g - g = -110. Suppose -f*m + m + 4*a + 16 = 0, 4*m = -2*a + g. What is the units digit of m?
6
Suppose -l - 352 = -3*n, 5*n + l - 224 - 360 = 0. What is the tens digit of n?
1
Let k = 84 - 44. What is the tens digit of 14*(2 - k/(-28))?
4
Let l = 360 - 161. What is the hundreds digit of l?
1
Let u(k) = -k**2 + 14*k + 7. Let z be u(14). Let p(q) = q**3 - 5*q**2 - 7*q - 3. What is the tens digit of p(z)?
4
Suppose -3*m + 4 = -2. Suppose m*z + 16 = 3*z. What is the tens digit of z?
1
Let q = -2 + 6. Suppose 5*w - 56 = -q*y, -y + w - 4*w + 14 = 0. What is the tens digit of y?
1
Suppose u - 80 = -c, -3*u + 4*u + 166 = 2*c. What is the tens digit of c?
8
Suppose -27 = 2*h - 5*d, h + h - 13 = -3*d. Let y(a) = -331*a - 1. Let r be y(h). What is the tens digit of 4/(-18) - r/(-27)?
1
Let l(d) = d**2 - 11*d + 12. Let y be l(10). Let h(w) = 8*w**2 + 2*w - 3. What is the units digit of h(y)?
3
Let w(f) = -5*f + 3*f - 8 - 3. Let b be w(-8). Suppose -4*c + b*c = 2. What is the units digit of c?
2
Let q(n) = n + 18. Let w(o) = 6. Let m(t) = 2*q(t) - 7*w(t). Let y be m(4). Let p(u) = 3*u**2 + 3*u - 2. What is the units digit of p(y)?
6
Let f = 68 - -218. What is the hundreds digit of f?
2
Suppose f + 0*f = 16. What is the tens digit of f?
1
Let u(d) = -3*d + 1 - 10 + 2. What is the tens digit of u(-16)?
4
Suppose 2*w - 4*w = -4*y + 22, 0 = 4*y + 5*w + 13. What is the units digit of y?
3
Let p(f) = 13*f. Let v = 3 - 1. What is the tens digit of p(v)?
2
Suppose 1 = -3*u + r, -u + 0*u - 5 = 2*r. Let x = u - -3. What is the units digit of x?
2
What is t